{"id":1555,"date":"2022-02-24T14:52:37","date_gmt":"2022-02-24T14:52:37","guid":{"rendered":"https:\/\/caf.cpeip.cl\/?page_id=1555"},"modified":"2026-04-08T14:54:20","modified_gmt":"2026-04-08T18:54:20","slug":"documentos-orientadores","status":"publish","type":"page","link":"https:\/\/caf.cpeip.cl\/index.php\/certificacion-de-acciones-formativas\/documentos-orientadores\/","title":{"rendered":"Certificaci\u00f3n de Acciones Formativas"},"content":{"rendered":"\n<div class=\"wp-container-69dee5826e649 wp-block-group rounded pt-4 has-background\" style=\"background-color:#ecf4ff\"><div class=\"wp-block-group__inner-container\">\n<div class=\"wp-block-columns rounded has-background\" style=\"background-color:#ecf4ff\">\n<div class=\"wp-block-column\">\n<div class=\"wp-block-caf-gutenberg-titulo-block description-div titulo-box titulo-undefined has-text-color\" style=\"color:#034ab0\"><div class=\"description-title-div\"><div class=\"description-title\"><span class=\"description-title\">Documentos Orientadores<\/span><\/div><\/div><div class=\"line-description\" style=\"background-color:#cfdff5;\"><\/div><\/div>\n\n\n\n<p class=\"has-text-color\" style=\"color:#373f55\">El objetivo de la certificaci\u00f3n de acciones formativas es asegurar que las propuestas presentadas por las instituciones respondan a los principios que propician el <strong>desarrollo profesional docente<\/strong> y a las dimensiones y criterios de <strong>calidad y pertinencia<\/strong> de la formaci\u00f3n.<\/p>\n\n\n\n<p class=\"has-text-color\" style=\"color:#373f55\">Las acciones formativas pueden ser actividades, programas o cursos destinados a profesionales de la educaci\u00f3n. Pueden certificar acciones formativas las instituciones p\u00fablicas o privadas sin fines de lucro, nacionales o extranjeras que soliciten la Certificaci\u00f3n al Ministerio de Educaci\u00f3n, mediante los procedimientos que este establezca para aquello.<\/p>\n\n\n\n<p class=\"has-text-color\" style=\"color:#373f55\">Canal de contacto para instituciones: <a href=\"mailto:cpeip.recepcioncurso@mineduc.cl\">cpeip.recepcioncurso@mineduc.cl<\/a><\/p>\n\n\n\n<div class=\"wp-block-columns\">\n<div class=\"wp-block-column\"><\/div>\n\n\n\n<div class=\"wp-block-column\"><\/div>\n<\/div>\n\n\n\n<div class=\"wp-container-69dee5826e043 wp-block-group\"><div class=\"wp-block-group__inner-container\">\n<div class=\"wp-block-caf-gutenberg-archivo-block boton-div boton-box boton-Descargar\" style=\"border:3px solid #034AB0\"><div class=\"botoneraDesc\"><div class=\"description-title\"><h3 class=\"description-title\" style=\"color:#034AB0\">DECRETO 401<\/h3><a class=\"boton-boton boton text-capitalize\" href=\"\/wp-content\/uploads\/2026\/01\/Decreto-N%C2%B0401-OCT-2019-Modificado-NOV-2025.pdf\" title=\"Descargar el documento\" download style=\"color:#034AB0;background-color:transparent;border:1px solid #034AB0\">Descargar<i class=\"fas fa-arrow-down\"><\/i><\/a><\/div><p>Regula los procedimientos y formularios para acceder a la Certificaci\u00f3n de Acciones Formativas.<\/p><\/div><div class=\"botoneraDesc-caf-mobile\"><a class=\"botones-caf-mobile boton-boton boton\" href=\"\/wp-content\/uploads\/2026\/01\/Decreto-N%C2%B0401-OCT-2019-Modificado-NOV-2025.pdf\" title=\"Descargar el documento\" download style=\"background-color:#034AB0\"><span class=\"title-botoneraDesc-caf-mobile\" style=\"color:#034AB0\">DECRETO 401<\/span><i class=\"fas fa-arrow-down\" style=\"color:#034AB0\"><\/i><\/a><p>Regula los procedimientos y formularios para acceder a la Certificaci\u00f3n de Acciones Formativas.<\/p><\/div><\/div>\n\n\n\n<div class=\"wp-block-caf-gutenberg-archivo-block boton-div boton-box boton-Descargar\" style=\"border:3px solid #034AB0\"><div class=\"botoneraDesc\"><div class=\"description-title\"><h3 class=\"description-title\" style=\"color:#034AB0\">ORIENTACIONES PARA LA CERTIFICACI\u00d3N DE ACCIONES FORMATIVAS (2026)<\/h3><a class=\"boton-boton boton text-capitalize\" href=\"\/wp-content\/uploads\/2026\/04\/ORIENTACIONES-CERTIFICACION-2026.pdf\" title=\"Descargar el documento\" download style=\"color:#034AB0;background-color:transparent;border:1px solid #034AB0\">Descargar<i class=\"fas fa-arrow-down\"><\/i><\/a><\/div><p>La Actualizaci\u00f3n de este documento, pretende consolidar las indicaciones, procedimientos e instrumentos que dispone el Centro para la Certificaci\u00f3n de Acciones Formativas.<\/p><\/div><div class=\"botoneraDesc-caf-mobile\"><a class=\"botones-caf-mobile boton-boton boton\" href=\"\/wp-content\/uploads\/2026\/04\/ORIENTACIONES-CERTIFICACION-2026.pdf\" title=\"Descargar el documento\" download style=\"background-color:#034AB0\"><span class=\"title-botoneraDesc-caf-mobile\" style=\"color:#034AB0\">ORIENTACIONES PARA LA CERTIFICACI\u00d3N DE ACCIONES FORMATIVAS (2026)<\/span><i class=\"fas fa-arrow-down\" style=\"color:#034AB0\"><\/i><\/a><p>La Actualizaci\u00f3n de este documento, pretende consolidar las indicaciones, procedimientos e instrumentos que dispone el Centro para la Certificaci\u00f3n de Acciones Formativas.<\/p><\/div><\/div>\n<\/div><\/div>\n\n\n\n<div class=\"wp-block-caf-gutenberg-archivo-block boton-div boton-box boton-Descargar\" style=\"border:3px solid #034AB0\"><div class=\"botoneraDesc\"><div class=\"description-title\"><h3 class=\"description-title\" style=\"color:#034AB0\">ORIENTACIONES DE LA FORMACI\u00d3N CONTINUA PARA EL DESARROLLO PROFESIONAL DOCENTE Y DIRECTIVO <\/h3><a class=\"boton-boton boton text-capitalize\" href=\"\/wp-content\/uploads\/2026\/02\/orientaciones_formacio%CC%81n_continua.pdf\" title=\"Descargar el documento\" download style=\"color:#034AB0;background-color:transparent;border:1px solid #034AB0\">Descargar<i class=\"fas fa-arrow-down\"><\/i><\/a><\/div><p>ANTECEDENTES PARA ELABORACI\u00d3N DE ORIENTACIONES Y BASES T\u00c9CNICAS (2025)<\/p><\/div><div class=\"botoneraDesc-caf-mobile\"><a class=\"botones-caf-mobile boton-boton boton\" href=\"\/wp-content\/uploads\/2026\/02\/orientaciones_formacio%CC%81n_continua.pdf\" title=\"Descargar el documento\" download style=\"background-color:#034AB0\"><span class=\"title-botoneraDesc-caf-mobile\" style=\"color:#034AB0\">ORIENTACIONES DE LA FORMACI\u00d3N CONTINUA PARA EL DESARROLLO PROFESIONAL DOCENTE Y DIRECTIVO <\/span><i class=\"fas fa-arrow-down\" style=\"color:#034AB0\"><\/i><\/a><p>ANTECEDENTES PARA ELABORACI\u00d3N DE ORIENTACIONES Y BASES T\u00c9CNICAS (2025)<\/p><\/div><\/div>\n<\/div>\n<\/div>\n<\/div><\/div>\n","protected":false},"excerpt":{"rendered":"<p>El objetivo de la certificaci\u00f3n de acciones formativas es asegurar que las propuestas presentadas por las instituciones respondan a los principios que propician el desarrollo profesional docente y a las dimensiones y criterios de calidad y pertinencia de la formaci\u00f3n. Las acciones formativas pueden ser actividades, programas o cursos destinados a profesionales de la educaci\u00f3n.&hellip;&nbsp;<a href=\"https:\/\/caf.cpeip.cl\/index.php\/certificacion-de-acciones-formativas\/documentos-orientadores\/\" class=\"\" rel=\"bookmark\">Read More &raquo;<span class=\"screen-reader-text\">Certificaci\u00f3n de Acciones Formativas<\/span><\/a><\/p>\n","protected":false},"author":1,"featured_media":416,"parent":110,"menu_order":0,"comment_status":"closed","ping_status":"closed","template":"single-superior.php","meta":{"neve_meta_sidebar":"","neve_meta_container":"","neve_meta_enable_content_width":"","neve_meta_content_width":0,"neve_meta_title_alignment":"","neve_meta_author_avatar":"","neve_post_elements_order":"","neve_meta_disable_header":"","neve_meta_disable_footer":"","neve_meta_disable_title":""},"acf":[],"yoast_head":"<!-- This site is optimized with the Yoast SEO plugin v18.1 - https:\/\/yoast.com\/wordpress\/plugins\/seo\/ -->\n<title>Certificaci\u00f3n de Acciones Formativas - Gesti\u00f3n de Acciones Formativas<\/title>\n<meta name=\"robots\" content=\"index, follow, max-snippet:-1, max-image-preview:large, max-video-preview:-1\" \/>\n<link rel=\"canonical\" href=\"https:\/\/caf.cpeip.cl\/index.php\/certificacion-de-acciones-formativas\/documentos-orientadores\/\" \/>\n<meta property=\"og:locale\" content=\"es_ES\" \/>\n<meta property=\"og:type\" content=\"article\" \/>\n<meta property=\"og:title\" content=\"Certificaci\u00f3n de Acciones Formativas - Gesti\u00f3n de Acciones Formativas\" \/>\n<meta property=\"og:description\" content=\"El objetivo de la certificaci\u00f3n de acciones formativas es asegurar que las propuestas presentadas por las instituciones respondan a los principios que propician el desarrollo profesional docente y a las dimensiones y criterios de calidad y pertinencia de la formaci\u00f3n. Las acciones formativas pueden ser actividades, programas o cursos destinados a profesionales de la educaci\u00f3n.&hellip;&nbsp;Read More &raquo;Certificaci\u00f3n de Acciones Formativas\" \/>\n<meta property=\"og:url\" content=\"https:\/\/caf.cpeip.cl\/index.php\/certificacion-de-acciones-formativas\/documentos-orientadores\/\" \/>\n<meta property=\"og:site_name\" content=\"Gesti\u00f3n de Acciones Formativas\" \/>\n<meta property=\"article:modified_time\" content=\"2026-04-08T18:54:20+00:00\" \/>\n<meta property=\"og:image\" content=\"https:\/\/caf.cpeip.cl\/wp-content\/uploads\/2022\/01\/rm.jpg\" \/>\n\t<meta property=\"og:image:width\" content=\"2000\" \/>\n\t<meta property=\"og:image:height\" content=\"1333\" \/>\n\t<meta property=\"og:image:type\" content=\"image\/jpeg\" \/>\n<meta name=\"twitter:card\" content=\"summary_large_image\" \/>\n<meta name=\"twitter:label1\" content=\"Est. reading time\" \/>\n\t<meta name=\"twitter:data1\" content=\"2 minutos\" \/>\n<script type=\"application\/ld+json\" class=\"yoast-schema-graph\">{\"@context\":\"https:\/\/schema.org\",\"@graph\":[{\"@type\":\"WebSite\",\"@id\":\"https:\/\/caf.cpeip.cl\/#website\",\"url\":\"https:\/\/caf.cpeip.cl\/\",\"name\":\"Gesti\u00f3n de Acciones Formativas\",\"description\":\"Centro de Perfeccionamiento, Experimentaci\u00f3n e Investigaci\u00f3nes Pedag\u00f3gicas - CPEIP &lt;b&gt;Ministerio de Educaci\u00f3n&lt;\/b&gt;\",\"potentialAction\":[{\"@type\":\"SearchAction\",\"target\":{\"@type\":\"EntryPoint\",\"urlTemplate\":\"https:\/\/caf.cpeip.cl\/?s={search_term_string}\"},\"query-input\":\"required name=search_term_string\"}],\"inLanguage\":\"es-CL\"},{\"@type\":\"ImageObject\",\"@id\":\"https:\/\/caf.cpeip.cl\/index.php\/certificacion-de-acciones-formativas\/documentos-orientadores\/#primaryimage\",\"inLanguage\":\"es-CL\",\"url\":\"https:\/\/caf.cpeip.cl\/wp-content\/uploads\/2022\/01\/rm.jpg\",\"contentUrl\":\"https:\/\/caf.cpeip.cl\/wp-content\/uploads\/2022\/01\/rm.jpg\",\"width\":2000,\"height\":1333},{\"@type\":\"WebPage\",\"@id\":\"https:\/\/caf.cpeip.cl\/index.php\/certificacion-de-acciones-formativas\/documentos-orientadores\/#webpage\",\"url\":\"https:\/\/caf.cpeip.cl\/index.php\/certificacion-de-acciones-formativas\/documentos-orientadores\/\",\"name\":\"Certificaci\u00f3n de Acciones Formativas - Gesti\u00f3n de Acciones Formativas\",\"isPartOf\":{\"@id\":\"https:\/\/caf.cpeip.cl\/#website\"},\"primaryImageOfPage\":{\"@id\":\"https:\/\/caf.cpeip.cl\/index.php\/certificacion-de-acciones-formativas\/documentos-orientadores\/#primaryimage\"},\"datePublished\":\"2022-02-24T14:52:37+00:00\",\"dateModified\":\"2026-04-08T18:54:20+00:00\",\"breadcrumb\":{\"@id\":\"https:\/\/caf.cpeip.cl\/index.php\/certificacion-de-acciones-formativas\/documentos-orientadores\/#breadcrumb\"},\"inLanguage\":\"es-CL\",\"potentialAction\":[{\"@type\":\"ReadAction\",\"target\":[\"https:\/\/caf.cpeip.cl\/index.php\/certificacion-de-acciones-formativas\/documentos-orientadores\/\"]}]},{\"@type\":\"BreadcrumbList\",\"@id\":\"https:\/\/caf.cpeip.cl\/index.php\/certificacion-de-acciones-formativas\/documentos-orientadores\/#breadcrumb\",\"itemListElement\":[{\"@type\":\"ListItem\",\"position\":1,\"name\":\"Certificaci\u00f3n de Acciones Formativas\",\"item\":\"https:\/\/caf.cpeip.cl\/index.php\/certificacion-de-acciones-formativas\/\"},{\"@type\":\"ListItem\",\"position\":2,\"name\":\"Certificaci\u00f3n de Acciones Formativas\"}]}]}<\/script>\n<!-- \/ Yoast SEO plugin. -->","yoast_head_json":{"title":"Certificaci\u00f3n de Acciones Formativas - Gesti\u00f3n de Acciones Formativas","robots":{"index":"index","follow":"follow","max-snippet":"max-snippet:-1","max-image-preview":"max-image-preview:large","max-video-preview":"max-video-preview:-1"},"canonical":"https:\/\/caf.cpeip.cl\/index.php\/certificacion-de-acciones-formativas\/documentos-orientadores\/","og_locale":"es_ES","og_type":"article","og_title":"Certificaci\u00f3n de Acciones Formativas - Gesti\u00f3n de Acciones Formativas","og_description":"El objetivo de la certificaci\u00f3n de acciones formativas es asegurar que las propuestas presentadas por las instituciones respondan a los principios que propician el desarrollo profesional docente y a las dimensiones y criterios de calidad y pertinencia de la formaci\u00f3n. Las acciones formativas pueden ser actividades, programas o cursos destinados a profesionales de la educaci\u00f3n.&hellip;&nbsp;Read More &raquo;Certificaci\u00f3n de Acciones Formativas","og_url":"https:\/\/caf.cpeip.cl\/index.php\/certificacion-de-acciones-formativas\/documentos-orientadores\/","og_site_name":"Gesti\u00f3n de Acciones Formativas","article_modified_time":"2026-04-08T18:54:20+00:00","og_image":[{"width":2000,"height":1333,"url":"https:\/\/caf.cpeip.cl\/wp-content\/uploads\/2022\/01\/rm.jpg","type":"image\/jpeg"}],"twitter_card":"summary_large_image","twitter_misc":{"Est. reading time":"2 minutos"},"schema":{"@context":"https:\/\/schema.org","@graph":[{"@type":"WebSite","@id":"https:\/\/caf.cpeip.cl\/#website","url":"https:\/\/caf.cpeip.cl\/","name":"Gesti\u00f3n de Acciones Formativas","description":"Centro de Perfeccionamiento, Experimentaci\u00f3n e Investigaci\u00f3nes Pedag\u00f3gicas - CPEIP &lt;b&gt;Ministerio de Educaci\u00f3n&lt;\/b&gt;","potentialAction":[{"@type":"SearchAction","target":{"@type":"EntryPoint","urlTemplate":"https:\/\/caf.cpeip.cl\/?s={search_term_string}"},"query-input":"required name=search_term_string"}],"inLanguage":"es-CL"},{"@type":"ImageObject","@id":"https:\/\/caf.cpeip.cl\/index.php\/certificacion-de-acciones-formativas\/documentos-orientadores\/#primaryimage","inLanguage":"es-CL","url":"https:\/\/caf.cpeip.cl\/wp-content\/uploads\/2022\/01\/rm.jpg","contentUrl":"https:\/\/caf.cpeip.cl\/wp-content\/uploads\/2022\/01\/rm.jpg","width":2000,"height":1333},{"@type":"WebPage","@id":"https:\/\/caf.cpeip.cl\/index.php\/certificacion-de-acciones-formativas\/documentos-orientadores\/#webpage","url":"https:\/\/caf.cpeip.cl\/index.php\/certificacion-de-acciones-formativas\/documentos-orientadores\/","name":"Certificaci\u00f3n de Acciones Formativas - Gesti\u00f3n de Acciones Formativas","isPartOf":{"@id":"https:\/\/caf.cpeip.cl\/#website"},"primaryImageOfPage":{"@id":"https:\/\/caf.cpeip.cl\/index.php\/certificacion-de-acciones-formativas\/documentos-orientadores\/#primaryimage"},"datePublished":"2022-02-24T14:52:37+00:00","dateModified":"2026-04-08T18:54:20+00:00","breadcrumb":{"@id":"https:\/\/caf.cpeip.cl\/index.php\/certificacion-de-acciones-formativas\/documentos-orientadores\/#breadcrumb"},"inLanguage":"es-CL","potentialAction":[{"@type":"ReadAction","target":["https:\/\/caf.cpeip.cl\/index.php\/certificacion-de-acciones-formativas\/documentos-orientadores\/"]}]},{"@type":"BreadcrumbList","@id":"https:\/\/caf.cpeip.cl\/index.php\/certificacion-de-acciones-formativas\/documentos-orientadores\/#breadcrumb","itemListElement":[{"@type":"ListItem","position":1,"name":"Certificaci\u00f3n de Acciones Formativas","item":"https:\/\/caf.cpeip.cl\/index.php\/certificacion-de-acciones-formativas\/"},{"@type":"ListItem","position":2,"name":"Certificaci\u00f3n de Acciones Formativas"}]}]}},"_links":{"self":[{"href":"https:\/\/caf.cpeip.cl\/index.php\/wp-json\/wp\/v2\/pages\/1555"}],"collection":[{"href":"https:\/\/caf.cpeip.cl\/index.php\/wp-json\/wp\/v2\/pages"}],"about":[{"href":"https:\/\/caf.cpeip.cl\/index.php\/wp-json\/wp\/v2\/types\/page"}],"author":[{"embeddable":true,"href":"https:\/\/caf.cpeip.cl\/index.php\/wp-json\/wp\/v2\/users\/1"}],"replies":[{"embeddable":true,"href":"https:\/\/caf.cpeip.cl\/index.php\/wp-json\/wp\/v2\/comments?post=1555"}],"version-history":[{"count":139,"href":"https:\/\/caf.cpeip.cl\/index.php\/wp-json\/wp\/v2\/pages\/1555\/revisions"}],"predecessor-version":[{"id":3692,"href":"https:\/\/caf.cpeip.cl\/index.php\/wp-json\/wp\/v2\/pages\/1555\/revisions\/3692"}],"up":[{"embeddable":true,"href":"https:\/\/caf.cpeip.cl\/index.php\/wp-json\/wp\/v2\/pages\/110"}],"wp:featuredmedia":[{"embeddable":true,"href":"https:\/\/caf.cpeip.cl\/index.php\/wp-json\/wp\/v2\/media\/416"}],"wp:attachment":[{"href":"https:\/\/caf.cpeip.cl\/index.php\/wp-json\/wp\/v2\/media?parent=1555"}],"curies":[{"name":"wp","href":"https:\/\/api.w.org\/{rel}","templated":true}]}}